 0 = -2*m + o*m - 30. What is the units digit of m?
6
Suppose -10 = 2*y - 0. Let v = y + 7. Suppose -4*k + 4 = v*o, 20 = -3*o - 2*o. What is the units digit of k?
3
Suppose 3*t = -4*x - 193, x - 3*t = -0*t - 37. Let s = 66 + x. What is the tens digit of s?
2
Suppose 4*j - 3 = j. Let d = 6 + j. What is the units digit of d?
7
Let b(p) = p**3 + 10*p**2 - 14*p + 4. What is the units digit of b(-11)?
7
Let i(l) be the second derivative of 3*l**4/4 - 2*l**2 - l. What is the tens digit of i(-2)?
3
Suppose -2*g + 10 + 18 = 4*f, 4*g + 2*f = 62. Suppose 0*j - g = -j. What is the units digit of j?
6
Let o be (2 - (-1)/3)*-3. What is the units digit of -2*1*(o - -2)?
0
Let l(y) = y**2 - 10*y + 6. Suppose -4*h = -3*i + 26 - 66, -h + i = -10. What is the units digit of l(h)?
6
Let w(i) = 5*i - 3. Let d(r) = -10*r + 6. Let y(g) = -3*d(g) - 5*w(g). What is the units digit of y(2)?
7
Suppose 6*c - 415 - 419 = 0. What is the hundreds digit of c?
1
Suppose -5*u + 0*u = -230. What is the units digit of u?
6
Suppose -4*c + 161 = -c - 4*d, -2*c = -d - 104. Suppose 0*o - 3*o + c = 0. What is the units digit of o?
7
Suppose -4*f + 8*f - 288 = 0. What is the tens digit of f?
7
Let h(g) = 3*g**3 - 8*g**2 - g + 6. Let v(d) = 2*d**3 - 7*d**2 - d + 5. Let z(b) = -3*h(b) + 4*v(b). Let u be (-1 + 0 + 0)*4. What is the units digit of z(u)?
6
Let a(o) = -o**2 - 6*o - 4. Let x be a(-4). Suppose -3*d + 19 = -x*s, -s - 3 = -d + 3. What is the units digit of d?
5
Let o(y) = -y**3 - y + 59. What is the tens digit of o(0)?
5
Let w = -1 - -2. Let f be w + 4 + (-2)/2. Suppose -5*l = 3*k - 30, f*l + k - 24 = -k. What is the units digit of l?
6
Let z = -101 - -45. Let m = -33 - z. What is the tens digit of m?
2
Let z(f) = f**2 - 3*f. Let c be z(5). Let d(m) = 2*m. What is the tens digit of d(c)?
2
What is the units digit of (-4 + 6/2)*-139 + -4?
5
Suppose -2*x - 3 = -3*x, 5*v = -3*x + 29. Suppose -5*g = 3*q - 55, -v*g + 5*q + 56 - 12 = 0. What is the units digit of g?
1
Suppose -9*y = -7*y - 16. What is the units digit of (-1164)/(-45) - y/(-60)?
6
Let j(x) = -19*x + 17. What is the units digit of j(-5)?
2
Let o(b) be the second derivative of -b**3/6 + 2*b**2 - 2*b. Let k be o(5). Let p = k + 8. What is the units digit of p?
7
Let z = 3 + -6. Let r = 0 - z. Suppose 0 = r*x - 9 + 18, 0 = -3*u - 2*x. What is the units digit of u?
2
Let v(d) = 5*d - 2. Let g(l) = 51*l - 21. Let z(s) = -2*g(s) + 21*v(s). What is the units digit of z(2)?
6
What is the tens digit of 1 + 4/(-3) - 76/(-3)?
2
Let a(s) = s**3 + 7*s**2 + 6*s - 7. Let f be a(-5). Let v = f + -12. What is the units digit of v?
1
What is the hundreds digit of -1 - 1 - (0 - 118 - 4)?
1
Suppose m = 5, 2*m + 9 = 4*t - 1. What is the units digit of t?
5
Let d = -992 + 1398. What is the hundreds digit of d?
4
Suppose -4*m - 23 = -g, 2*m + 8 - 1 = -g. What is the units digit of g?
3
Let x = 212 - 151. What is the units digit of x?
1
What is the units digit of (12/(-10))/((-4)/20)?
6
Suppose 9 = -q + 2*q. Let j = -5 + q. Suppose -3*l + 3 = 0, -3*w + 25 = -4*l - j. What is the tens digit of w?
1
Let k be 23*(2 + -1) + -2. Let s = k - 8. What is the tens digit of s?
1
Let w = -21 - -8. Let d = 21 + w. What is the units digit of d?
8
Suppose -16 = -5*w - 31. Let n be (-16)/6 - 2/(-3). What is the units digit of (n/w)/((-14)/(-105))?
5
Let h be 1*(1 - (4 + -1)). Suppose -21 = -4*n + 7. Let g = h + n. What is the units digit of g?
5
Suppose 0 = -5*w + 5. What is the tens digit of (1 - 3)/(w/(-10))?
2
What is the hundreds digit of (9 - -137)*(-1)/(-1)?
1
Suppose -2 = -a - 0. Let t be (20/(-12))/(1/(-3)). Suppose -3*l - a - 9 = -t*b, -5*b = 5*l + 5. What is the units digit of b?
1
Let k = -22 + 28. Let n(m) = -m**2 + 3 - 3 + 7*m. What is the units digit of n(k)?
6
Let h(n) = -n - 15. Let o be h(-11). Let j be o/(-6)*3/2. Suppose -j - 3 = -z. What is the units digit of z?
4
Let s = 106 + -27. What is the tens digit of s?
7
Suppose 0*s + 5*s = 340. Let l = s - 42. What is the tens digit of l?
2
Let p(q) = -q**2 + 6*q + 10. Suppose 0 = 2*t - 23 - 19. Suppose 4*y - 7 = t. What is the units digit of p(y)?
3
Let v be (-2)/6 + 10/3. Let m be (-26)/(-6) + 2/v. Let s = 1 + m. What is the units digit of s?
6
Let b(n) = -n**2 + 4*n - 1. Let i be b(2). Suppose -5*l - 5*r = -90, -l - i + 20 = 2*r. What is the tens digit of l?
1
Suppose -3*g = -2*a - 766, g = 3*a - 4*a + 257. What is the units digit of g?
6
Let r(t) = -t**3 + 2*t**2 + 3*t. Let y be r(-3). Let k = 20 - 20. Suppose -3*l + k*l = -y. What is the units digit of l?
2
Let h be 400/18 + (-8)/36. Suppose -h = -5*z + 3. What is the units digit of z?
5
Let n be ((-6)/4)/((-2)/12). Let i be n/(-6)*6 - 1. Let k = i - -20. What is the units digit of k?
0
Let s(p) = -p**2. Let f be s(3). Let c(x) = -11*x**3 + 8*x**2 + 3 + x**2 + 12*x**3 + 2. What is the units digit of c(f)?
5
Suppose -971 = -16*b + 1589. What is the hundreds digit of b?
1
Suppose j - 12 - 30 = 0. What is the units digit of j/35*(-20)/(-3)?
8
What is the tens digit of (4 + 0 - -93)/1?
9
Let o(f) = 9*f + 34. What is the tens digit of o(9)?
1
Suppose 4*v + c = -1, v + 2*c + 4 - 2 = 0. Suppose -4*f + v*f + 20 = 0. What is the units digit of f?
5
Suppose -4*w - w + 4*m = -159, -4*w + 156 = 4*m. What is the units digit of w?
5
Let b(r) be the third derivative of r**4/12 + 2*r**3/3 - r**2. Let d be b(-6). What is the units digit of (-10)/4*d/5?
4
Let n be -2 - ((-45)/3 + 1). Let j = n + 1. What is the tens digit of j?
1
Suppose -y = 4*y + 15. Suppose 4*u - 3 = u. What is the units digit of -3*u/y - -1?
2
Let g(j) = -2*j. Let r be g(-1). Suppose r*f = -6, s - 3*s + f + 5 = 0. What is the units digit of s?
1
Let b be 2 + -7 + 3 - -162. Suppose -3*i + b = 5*t, -2*i + 7*t - 2*t = -140. Suppose -i = -5*m - 3*w - 2*w, 38 = 4*m - w. What is the units digit of m?
0
Let b = -44 - -67. What is the units digit of b?
3
Suppose 2*o - 4 = 3*o. Let q be ((-18)/2)/(3/(-2)). Let s = q + o. What is the units digit of s?
2
Let p be 0/2 - 6/3. What is the units digit of 6 - (0 - p) - 3?
1
Let h = 8 - 6. Let y(o) = -o**3 - 5*o**2 + 4. Let k be y(-5). What is the units digit of (h/(-4))/((-2)/k)?
1
Let s = 20 - 6. Suppose -7*k = -8*k + s. What is the units digit of k?
4
Let k(f) be the second derivative of f**4/12 + 7*f**3/6 - 7*f**2/2 + f. What is the units digit of k(-8)?
1
What is the tens digit of (-2)/6 - (-372)/9?
4
Let i = 13 + 30. Let r = i + -26. What is the units digit of r?
7
Let h(y) = -y**3 + 7*y**2 + 7*y + 1. What is the tens digit of h(7)?
5
What is the units digit of -5*16/(-20) + 80?
4
Suppose 0 = -0*b + 2*b. Suppose b = 2*s + s - 18. Suppose 3*r - s = r. What is the units digit of r?
3
Suppose 3*c + c = 0. Suppose -3*k + 2*k + 7 = -5*w, c = w - 4*k + 9. Let o = w + 3. What is the units digit of o?
2
Suppose 4*o - 3*u + 138 = 1255, -4*u = 12. What is the hundreds digit of o?
2
Let i be ((-15)/9)/((-2)/18). Let p be i/4 - (-1)/4. Suppose 13 = 4*j - p*x - 19, 0 = -5*j + 3*x + 34. What is the units digit of j?
5
Let c = 125 - 76. What is the tens digit of c?
4
Let r(j) = j**2 + j + 1. Let p(f) = -7*f**2 + 3*f + 1. Let o(a) = -p(a) + 2*r(a). Let w be 12/9 + (-1)/3. What is the units digit of o(w)?
9
Suppose j = -2 + 4. Suppose 0 = -j*y - 0 + 8. What is the units digit of y?
4
Suppose -2*t - 40 = -7*t. What is the units digit of t?
8
Suppose 0 = -4*d - 2*j - 4, -3*j = 3*d - 0*j + 3. Let n = 3 - d. Suppose 0*l - 44 = -n*l. What is the tens digit of l?
1
Suppose 0 = 5*x - 4*x + 4. Let u = 3 - x. Let v(s) = -s**3 + 7*s**2 + 2*s - 10. What is the units digit of v(u)?
4
What is the hundreds digit of 1 + (-1 - -2) + 1250/10?
1
Let k(j) = 2*j - 7. Let u be k(8). Let h(w) = w**2 - 11*w + 13. Let b be h(u). What is the units digit of (9/b)/((-7)/35)?
9
Suppose 0 = r - 4*o - 14, 4*r + 5*o + 13 = 3*r. Suppose 0 = j - r*j + 18. What is the tens digit of j?
1
Let m = -101 + 181. What is the units digit of m?
0
Suppose 5*g = 3*r - 88, -r - 2*r = 5*g - 128. Suppose 4*h + 2 = -m, -h = -3*m + h + r. Suppose 3*f = q + 4*f - 4, 4*f = -q + m. What is the units digit of q?
2
Let l = -5 - -6. What is the units digit of l/(-6) + (-327)/(-18)?
8
Suppose 6*y = y + 235. Suppose -y - 27 = -5*n - 4*m, -n + 5*m = -9. Let o = 23 - n. What is the units digit of o?
9
Let k = 106 + -1